prime?
True
Is 1995041281 a composite number?
True
Is 4877951489 a prime number?
True
Is 283967563249 composite?
False
Is 3917459827 a composite number?
True
Is 13397792477 a composite number?
True
Is 140978743 a prime number?
True
Is 233129009 a composite number?
False
Is 37408688659 composite?
False
Is 13561623071 a prime number?
False
Is 2856687793 a composite number?
False
Is 7501410443 composite?
True
Is 13161675257 a prime number?
False
Is 946842433 composite?
False
Is 39029463337 composite?
False
Is 2655762821 a composite number?
True
Is 2299503485 composite?
True
Is 128273317 a prime number?
False
Is 1243792843 prime?
True
Is 4435353509 prime?
False
Is 950519855 a prime number?
False
Is 928513139 a composite number?
False
Is 5580341801 a prime number?
True
Is 29741533 prime?
False
Is 944425753 prime?
True
Is 3754417297 a composite number?
True
Is 1666205529 composite?
True
Is 13059033797 prime?
False
Is 8692284817 a prime number?
True
Is 8524465151 a composite number?
False
Is 40134543121 prime?
False
Is 84241697 composite?
False
Is 162283393 prime?
False
Is 3107652377 prime?
False
Is 1451701393 prime?
False
Is 4490620573 a prime number?
True
Is 13395583829 composite?
True
Is 1054195187 a composite number?
False
Is 389051842 prime?
False
Is 376722747259 composite?
False
Is 1257816919 a composite number?
False
Is 154323133 a composite number?
True
Is 21423185969 a prime number?
True
Is 2386857518 prime?
False
Is 40307919763 prime?
False
Is 13584595847 composite?
False
Is 10261130015 a prime number?
False
Is 8808485249 a prime number?
False
Is 2486796761 a composite number?
False
Is 2041253911 a composite number?
False
Is 7107852767 composite?
False
Is 272683379 composite?
False
Is 771327223 a prime number?
True
Is 2069738347 prime?
True
Is 56395195147 prime?
True
Is 37167821 composite?
True
Is 178230209 a prime number?
False
Is 2403962087 composite?
True
Is 2170750339 a prime number?
True
Is 278922101941 a prime number?
False
Is 15872599153 composite?
False
Is 15970684841 a prime number?
False
Is 59943018673 prime?
True
Is 12850622737 composite?
False
Is 1710356579 composite?
False
Is 39508965641 a composite number?
True
Is 37872217 prime?
True
Is 989528251 a composite number?
False
Is 7836044981 prime?
False
Is 170479472183 a composite number?
True
Is 738362831 a composite number?
True
Is 88342609499 prime?
False
Is 1560584357 composite?
False
Is 83279148131 composite?
False
Is 5213219717 a composite number?
True
Is 15795023273 prime?
True
Is 8271366629 prime?
True
Is 973900609 composite?
True
Is 123635021 a composite number?
False
Is 71899424809 composite?
False
Is 6898438229 composite?
True
Is 1849258717 a composite number?
True
Is 20468279303 a composite number?
False
Is 45925601611 composite?
True
Is 7204882049 prime?
False
Is 2697168911 prime?
True
Is 144753332803 composite?
False
Is 5743705403 a prime number?
False
Is 18719362531 prime?
True
Is 1977504541 composite?
False
Is 3001166797 a composite number?
True
Is 18525704231 a prime number?
False
Is 2539829827 a composite number?
False
Is 158924800469 a composite number?
False
Is 785049833 a composite number?
True
Is 2792315027 composite?
False
Is 39089407439 prime?
False
Is 102734747 a prime number?
False
Is 262258937 a prime number?
False
Is 924177641 composite?
True
Is 97089989 a composite number?
False
Is 430177449593 prime?
True
Is 704028391555 composite?
True
Is 21001557341 composite?
True
Is 512120951 a composite number?
True
Is 16760792081 a prime number?
False
Is 44168051533 a composite number?
True
Is 125371451839 composite?
False
Is 1555029299 composite?
False
Is 342294397 prime?
True
Is 4562861579 composite?
True
Is 612639091 prime?
True
Is 564993098 a prime number?
False
Is 2196821749 prime?
True
Is 1771286033 prime?
False
Is 340678807 prime?
False
Is 1167782657747 a prime number?
True
Is 11798017703 a prime number?
False
Is 37823567 prime?
True
Is 16457402317 a prime number?
False
Is 1959960421 composite?
False
Is 3302134091 a composite number?
True
Is 9984885481 a composite number?
False
Is 114568517038 composite?
True
Is 259641073 prime?
True
Is 1968548321 a composite number?
False
Is 1036502603 a composite number?
False
Is 39787733 a prime number?
False
Is 13645603267 prime?
True
Is 4104934193 composite?
False
Is 5065250153 prime?
False
Is 5525074019 prime?
True
Is 50064632503 a composite number?
False
Is 770891419 a composite number?
False
Is 14219281073 composite?
True
Is 1017683783 a composite number?
True
Is 1921755289 a composite number?
False
Is 6824686093 composite?
False
Is 318984439 a composite number?
False
Is 5451730346 prime?
False
Is 1625391821 a composite number?
False
Is 25658569837 composite?
False
Is 4990057183 prime?
True
Is 299472287 a composite number?
True
Is 912923927 prime?
False
Is 5717085243 prime?
False
Is 14730848947 prime?
False
Is 12980442991 a composite number?
False
Is 52286140663 a prime number?
True
Is 142397281 prime?
False
Is 131342129 a composite number?
False
Is 7749646057 composite?
True
Is 31535754353 a composite number?
True
Is 63410111 composite?
True
Is 712553245 a prime number?
False
Is 296261855 a prime number?
False
Is 24985345445 composite?
True
Is 425286479 a composite number?
True
Is 408271247 composite?
True
Is 46015069897 composite?
False
Is 34798872917 a composite number?
True
Is 2484583919 a prime number?
True
Is 3444316829 composite?
False
Is 907042063 composite?
True
Is 55551751561 composite?
False
Is 131353258103 a composite number?
False
Is 5640551347 prime?
False
Is 178288031 a prime number?
False
Is 1162838909 prime?
True
Is 7537181291 prime?
True
Is 64629894083 a composite number?
True
Is 859343623 prime?
True
Is 705293337979 prime?
True
Is 985413773 a prime number?
True
Is 612024967 prime?
False
Is 2675123291 a composite number?
False
Is 1208607663 prime?
False
Is 14091574051 composite?
True
Is 2320186087 composite?
True
Is 12627972799 composite?
True
Is 3299135531 a composite number?
True
Is 47830070998 prime?
False
Is 2292022869 a composite number?
True
Is 435171179 prime?
True
Is 3883467311 composite?
True
Is 4163681287 composite?
False
Is 356933317 prime?
False
Is 2949436367 a composite number?
True
Is 98116127 composite?
True
Is 3602668477 prime?
True
Is 8106985221 composite?
True
Is 376858243 composite?
True
Is 16691368457 a prime number?
True
Is 8935774 prime?
False
Is 32480138333 prime?
False
Is 628699637 a prime number?
False
Is 455005063 a prime number?
False
Is 21944002303 a prime number?
False
Is 1246839809 a composite number?
True
Is 1780017511 composite?
True
Is 375332285287 a prime number?
True
Is 11783129117 a composite number?
True
Is 545739839 a composite number?
True
Is 1218569449 composite?
False
Is 1301934971 composite?
False
Is 1283356969 a prime number?
True
Is 23780846065 composite?
True
Is 18152131909 a composite number?
True
Is 1651381178 a composite number?
True
Is 7046405003 prime?
False
Is 4020374737 composite?
True
Is 27176707203 a composite number?
True
Is 51795599393 a composite number?
False
Is 9277741741 composite?
True
Is 15680619719 composite?
False
Is 4715996338 a prime number?
False
Is 58325741533 a composite number?
False
Is 5150287999 composite?
False
Is 92330754247 composite?
False
Is 41791603423 composite?
False
Is 48593997899 a composite number?
False
Is 207024607 prime?
False
Is 3644716001 composite?
False
Is 25483419287 a prime number?
False
Is 347933549563 a composite number?
False
Is 2919679523 prime?
False
Is 159426887 a composite number?
True
Is 23570859979 prime?
False
Is 61238033 a prime number?
True
Is 8131676333 composite?
True
Is 17652595553 prime?
True
Is 39855810773 prime?
True
Is 4350958519 a composite number?
False
Is 3178995343 a composite number?
True
Is 159269678617 composite?
True
Is 516645271 a prime number?
False
Is 57262048139 a prime number?
False
Is 16068802649 a composite number?
False
Is 20446167839 prime?
False
Is 588442613 prime?
False
Is 53830805993 a prime number?
False
Is 189394642057 composite?
False
Is 388147387 prime?
True
Is 2973625481 composite?
False
Is 320063741 a composite number?
False
Is 482476534 a prime number?
False
Is 229216129 a composite number?
False
Is 683937893 composite?
True
Is 26448927733 a composite numb